1 composite?
True
Is 518987947 a composite number?
False
Is 872141929 a prime number?
True
Is 173741201 a prime number?
True
Is 14464644589 a prime number?
True
Is 3440018209 a composite number?
False
Is 1342606007 a prime number?
True
Is 81717985009 composite?
False
Is 31013559943 a prime number?
True
Is 158332397 a prime number?
True
Is 427981837 a prime number?
False
Is 1054477789 a prime number?
False
Is 2242243459 composite?
False
Is 75714658637 prime?
True
Is 21812898557 prime?
True
Is 1883503553 a prime number?
False
Is 993660599 a composite number?
False
Is 978403871 composite?
False
Is 21049026769 prime?
True
Is 1441176281 a composite number?
True
Is 5661216797 a prime number?
True
Is 1986284543 a prime number?
True
Is 460971857 a composite number?
False
Is 60305563091 a prime number?
True
Is 63371257 composite?
True
Is 143013087673 a prime number?
False
Is 846300361 prime?
False
Is 96520376309 composite?
True
Is 12820629581 a prime number?
True
Is 3184166567 a composite number?
True
Is 8909268373 a prime number?
True
Is 21500635619 a prime number?
False
Is 7736793539 a prime number?
True
Is 4598179721 a composite number?
True
Is 117950087 a composite number?
False
Is 807002591 a prime number?
True
Is 346334899 a composite number?
True
Is 199176671 a prime number?
False
Is 1287886501 prime?
False
Is 522505433 prime?
True
Is 911472829 a composite number?
False
Is 6248030219 a prime number?
True
Is 502160419 prime?
False
Is 46943381 composite?
True
Is 3296307787 a prime number?
False
Is 23276684317 a composite number?
False
Is 2482310069 a composite number?
False
Is 1954349333 a composite number?
True
Is 832636751 a prime number?
False
Is 22777374223 composite?
False
Is 6607772387 a prime number?
False
Is 39848142031 a composite number?
False
Is 59021995 composite?
True
Is 884683127 a prime number?
True
Is 7404917851 a composite number?
True
Is 5260085657 a composite number?
False
Is 5328465437 a prime number?
False
Is 7116752623 a prime number?
False
Is 837877669 a prime number?
True
Is 3426494027 prime?
False
Is 82013803861 composite?
True
Is 105020821759 prime?
False
Is 949668095 composite?
True
Is 33572250409 composite?
False
Is 5353919339 composite?
False
Is 239595729 a prime number?
False
Is 2420204173 composite?
True
Is 13423930459 composite?
True
Is 46855004239 a composite number?
True
Is 12031822535 prime?
False
Is 599420069 prime?
True
Is 3856550107 a prime number?
True
Is 21299971439 composite?
True
Is 86968329979 a prime number?
True
Is 15417434729 a composite number?
True
Is 56981539 prime?
True
Is 1342595569 a prime number?
False
Is 9128092807 a prime number?
False
Is 2311026769 prime?
True
Is 4464204721 a composite number?
True
Is 754632583 a composite number?
False
Is 1959879269 prime?
False
Is 13652922557 prime?
False
Is 16430572969 prime?
True
Is 119347648801 a composite number?
False
Is 2836642589 prime?
False
Is 28775029001 composite?
True
Is 1339638661 a prime number?
True
Is 12279471023 composite?
False
Is 980345867 composite?
False
Is 35084902543 a composite number?
True
Is 902840699 a prime number?
False
Is 5306078615 a composite number?
True
Is 19985142113 a prime number?
True
Is 1841810449 a composite number?
True
Is 2681699959 composite?
False
Is 3612242831 a composite number?
False
Is 6201235351 a prime number?
False
Is 8189035427 a prime number?
True
Is 198345509 a composite number?
False
Is 1614115817 prime?
True
Is 9594823279 composite?
False
Is 845675255 prime?
False
Is 1680054769 a prime number?
True
Is 86513685437 a prime number?
False
Is 492194333 composite?
False
Is 33360880573 prime?
False
Is 16439988977 a composite number?
False
Is 2163211481 a prime number?
True
Is 29539125617 a prime number?
False
Is 3340453591 composite?
False
Is 495477109 a prime number?
False
Is 995683947517 prime?
False
Is 14465408123 a prime number?
False
Is 7736283407 prime?
True
Is 15706541753 prime?
False
Is 121171824677 a composite number?
False
Is 11929259 a composite number?
True
Is 111490681751 composite?
True
Is 121837631 a composite number?
False
Is 52043191163 a composite number?
False
Is 71465687 prime?
True
Is 771893507581 prime?
False
Is 639499534 prime?
False
Is 226843126 a composite number?
True
Is 8624395849 a composite number?
True
Is 1130065897 a composite number?
False
Is 315518187 a composite number?
True
Is 12046031 composite?
False
Is 108272410273 a prime number?
True
Is 89527211977 prime?
False
Is 72101857099 a prime number?
True
Is 336296977 a prime number?
False
Is 479972947 a prime number?
False
Is 53116331227 a prime number?
True
Is 8480151961 a composite number?
False
Is 273912603 composite?
True
Is 467242301 a prime number?
True
Is 2578144883 composite?
True
Is 3339248437 composite?
True
Is 33922511659 prime?
True
Is 70084124749 a prime number?
True
Is 106421951 prime?
True
Is 3764883313 a composite number?
True
Is 38263623019 a composite number?
True
Is 3232686151 prime?
True
Is 28403923409 prime?
True
Is 273750264317 a composite number?
True
Is 628018939 a prime number?
False
Is 402175934 composite?
True
Is 11274989993 a composite number?
True
Is 496667701 composite?
False
Is 78179026409 a composite number?
True
Is 347764253 prime?
True
Is 9409019209 a composite number?
False
Is 64639473917 composite?
False
Is 1425643229 composite?
False
Is 9562505963 composite?
True
Is 97737171797 composite?
False
Is 1532899079 a composite number?
False
Is 63270976763 prime?
False
Is 217954471 a prime number?
False
Is 367866793 a composite number?
True
Is 549105107 composite?
False
Is 63664927289 composite?
True
Is 359693882699 composite?
False
Is 28079819395 a prime number?
False
Is 5896897133 a composite number?
True
Is 995437519 prime?
False
Is 65594834587 prime?
False
Is 8047285861 a composite number?
True
Is 1978830353 prime?
False
Is 9582155323 composite?
True
Is 39777709 a composite number?
True
Is 1724978834 a prime number?
False
Is 45661843313 composite?
False
Is 1544874559 composite?
True
Is 19597181 prime?
True
Is 95736349097 a prime number?
True
Is 91484641 a composite number?
True
Is 2466268603 a composite number?
False
Is 232505969 a prime number?
True
Is 181595251 a composite number?
True
Is 3601578797 prime?
True
Is 6524151041 prime?
True
Is 15666827419 composite?
False
Is 1293259811 a prime number?
True
Is 1538307811 composite?
True
Is 5488239821 composite?
True
Is 3658875343 a prime number?
False
Is 10886846 a composite number?
True
Is 1630186457 a composite number?
True
Is 23662739753 a composite number?
True
Is 7542675389 composite?
False
Is 2230535807 composite?
True
Is 49157737201 a composite number?
True
Is 1800959729 a prime number?
True
Is 1372559323 a prime number?
False
Is 2882114887 a prime number?
False
Is 2234639041 prime?
False
Is 9344116399 prime?
False
Is 61127122213 a prime number?
False
Is 4187289829 a composite number?
True
Is 556222061 a composite number?
True
Is 21866527 composite?
False
Is 4933672071 composite?
True
Is 20455432783 a composite number?
True
Is 2295034711 composite?
False
Is 6794933921 a prime number?
True
Is 654937597 a composite number?
True
Is 13518428837 a prime number?
True
Is 45343652639 a composite number?
True
Is 67254448997 composite?
False
Is 3149094965 prime?
False
Is 4286180881 composite?
False
Is 662119427 a prime number?
True
Is 1485846239 prime?
False
Is 206498381351 a prime number?
True
Is 5243129861 a prime number?
True
Is 2085163051 composite?
True
Is 23745290099 a prime number?
True
Is 214770583 a prime number?
False
Is 44253361939 composite?
False
Is 368447111 a prime number?
True
Is 666816431 a prime number?
True
Is 2315509831 a composite number?
False
Is 2796742859 a composite number?
False
Is 304895599 a composite number?
True
Is 927051703 prime?
True
Is 1420049269 prime?
True
Is 3795761009 prime?
True
Is 833190937 composite?
True
Is 95156402543 prime?
True
Is 59938031429 composite?
False
Is 1700661939 composite?
True
Is 38370125051 composite?
False
Is 661895931 a composite number?
True
Is 351555343 a prime number?
False
Is 35337178897 a composite number?
True
Is 6384714811 prime?
False
Is 2956492507 composite?
True
Is 95827720621 prime?
False
Is 3621058223 a prime number?
True
Is 2522041441 a prime number?
True
Is 248841337 a prim